- q**2 + p. Give j(1).
3
Let c be (-10)/(-8) + 21/28. Let d(s) = 3*s**2 - s**c + 12 - 14. Let b(g) = g**3 - 12*g**2 + 10*g + 8. Let n be b(11). Give d(n).
16
Suppose 2*j = 7*j + 40. Let v be (9/6)/((-6)/j). Let b(m) = -2*m**2 - 2 - v*m + m**2 + 8. Calculate b(-5).
-9
Let s = -369 - -376. Let b(z) = z**3 - 8*z**2 + 9*z - 7. Determine b(s).
7
Let x(h) = 5*h**3 + h**2 + 3*h + 1. Let d(t) = 11*t**3 + 2*t**2 + 6*t + 3. Let g(j) = -3*d(j) + 7*x(j). Determine g(2).
24
Let l(u) = -u. Let h(d) = -d**2 - 8*d - 3. Let j be h(-8). Let y(k) = k. Let t(q) = j*l(q) - 4*y(q). Let i be (-8)/2 + 0 + -1. Determine t(i).
5
Let u(y) = -162*y + 11. Let r(g) = -31*g + 2. Let d(q) = 11*r(q) - 2*u(q). Let z = -4 - -3. Calculate d(z).
17
Suppose 1 + 0 = h, 0 = r - 4*h + 17. Let o = -12 - r. Let t(p) = 5*p + 1. Calculate t(o).
6
Let f(l) be the second derivative of 1/60*l**5 + 7/24*l**4 + 3/2*l**2 + 1/2*l**3 - 6*l + 0. Let d(x) be the first derivative of f(x). Calculate d(-6).
-3
Let r(n) = 2*n - 5. Let z(f) = f**3 - f**2 - 2*f + 4. Let y be z(0). Suppose 0 = -2*b + 6*b + 4*j + 32, -y*b + 5*j + 4 = 0. Calculate r(b).
-13
Let m(h) = -4*h**3 + h - 1. Let s(i) = i**2 + 6*i - 27. Let v be s(3). Let n(l) = 1 + 2*l**2 - 4*l**2 + 3*l**2. Let t be n(v). Calculate m(t).
-4
Suppose -j - 8*j = 5 - 41. Let s(m) be the first derivative of -m**3/3 + 5*m**2/2 - 5*m + 2. What is s(j)?
-1
Let v(x) = x**2 + 4*x - 7. Suppose 52 = 2*g + 4*o + 8, 3*g - 62 = -4*o. Suppose -4*f + g = 6. Let b be 1/((-42)/(-15) - f). Calculate v(b).
-2
Let o = -11 - -17. Let q(k) = 6*k**2 - 66 - 2*k - 54 + 125 - k**3. Determine q(o).
-7
Suppose 3*l - 3*y + 5 = 2, 0 = -2*l - y + 7. Let r(x) = x**2 - 2*x + 3. Let h be r(l). Let f(j) = -4*j - 2 - 5*j**2 + j - j**h + 0 + 0*j**3. Determine f(-3).
-11
Let b(d) = -11*d**2 + 30 - d**3 - 24 + 6*d**2 + 7*d. Give b(-6).
0
Let z(t) = -7*t - 26. Let j be z(-4). Let x(s) = 6*s**2 + 3*s - 1. Give x(j).
29
Let y(s) = -2*s. Let d be y(-3). Let p(q) be the third derivative of -q**5/60 + q**4/6 + q**3 + 510*q**2. Determine p(d).
-6
Let i(s) = -19 + 2*s + 87 - 25 - 24 - 27. What is i(-7)?
-22
Let k(y) = 3*y**2. Suppose 27 = -2*l + 3*m - 10, -2*l - 31 = -5*m. Let x = l - -21. Determine k(x).
12
Let u = -214 - -223. Let v(n) = n**2 - 9*n + 5. Give v(u).
5
Suppose -4*q + 0 = -12. Let b be q/(-6) + (-28)/(-8). Let k(h) = -h**3 + 3*h - h - 1 + 5*h**b. Determine k(1).
5
Let j be (2/4)/(546/532 + -1). Let h(g) = -g**2 + 17*g + 32. Determine h(j).
-6
Let i be 2/4 + 70/4. Suppose 2*q = 5*q - i. Let o(s) = -11*s + 18. Let f(r) = -13*r + 21. Let z(c) = -5*f(c) + 6*o(c). Determine z(q).
-3
Let u(c) = -11*c - 13. Let k(b) = -16*b - 19. Let f(p) = -5*k(p) + 7*u(p). Let y be (-8)/((-3519)/(-1989) + (-3)/(-13)). Calculate f(y).
-8
Suppose 0 = -s - 6 - 4. Let q be ((-8)/(-5))/((-4)/s). Let p(j) = -1 + 5*j**2 - 4*j**2 + 0 - 5*j + 2*j. Determine p(q).
3
Let s be ((-10)/4)/((-4)/24). Suppose 5*q - s = 0, -d + 3*q + 3 - 7 = 0. Let o(i) be the second derivative of -i**4/12 + 5*i**3/6 - i**2 - 2*i. Calculate o(d).
-2
Suppose 4 = -f + 5, -2*w = 4*f - 8. Suppose w = 3*v - 4. Let q(u) = -31*u + 0 - 1 + 30*u. Determine q(v).
-3
Let q(c) = 10*c - 124. Let x be q(12). Let i(p) = -p**3 - 4*p**2 - 4*p + 1. Calculate i(x).
17
Let m(h) = h**3 + 15*h**2 - 16*h + 5. Let k be 1 + -8 + 4 - (-2 - -15). Give m(k).
5
Let m(d) be the second derivative of -d**3/6 + 3*d**2/2 + 3*d - 16. Give m(8).
-5
Let j(t) = -12*t**2 - 20*t - 24. Let i(m) = 5*m**2 + 10*m + 12. Let p(q) = -5*i(q) - 2*j(q). Calculate p(-10).
-12
Let s be 16/10 + 14/35. Suppose 9 - 54 = -9*o. Let f(w) = -2 + o*w**2 + 7*w - 4*w**s + 7 + 0*w. What is f(-5)?
-5
Let z(q) = 2 + 2*q - 1313*q**2 - 6*q + 1314*q**2. Give z(5).
7
Suppose -7 = -j + 2*j. Let p(d) be the third derivative of -d**6/120 - d**5/10 + d**4/3 + d**3 + 20*d**2. What is p(j)?
-1
Suppose -3*s - 25 = 4*h - 8*s, -h - 15 = -3*s. Let q(r) be the third derivative of -2*r**2 + 0 + h*r + 1/6*r**4 + 2/3*r**3 + 1/60*r**5. What is q(-3)?
1
Suppose 4 = 4*g + 13*y - 17*y, -5*g + 3*y = -3. Let r(u) be the third derivative of g - 1/60*u**5 + 0*u + 5*u**2 - 1/8*u**4 + 5/6*u**3. What is r(-5)?
-5
Let t(b) = b**3 + 2*b**2 + 4*b + 3. Let o be (5 + 1)/(-3) - (-2 - -1). Give t(o).
0
Let m(p) = 3*p**2 + 3*p + 1. Let j be m(-3). Let g = j + -19. Let n(r) = r**3 - r**2 + r - 2. What is n(g)?
-2
Let r = 2 - -7. Suppose -r*q + q = 0. Let v(m) = -m**2 + 2 + m + 2*m**2 + 4. What is v(q)?
6
Let w(y) = -y**2 - y + 1. Let r = 53 - 49. Let t be 1*(-10)/r*12/15. What is w(t)?
-1
Suppose 9*z = 5*z + 16. Let s(m) = -z + 15 - 5 - m**2. Calculate s(0).
6
Let c be 36/(-24)*8/3. Let a be -3 - -6*c/12. Let n(u) = -u**2 - 5*u - 1. Calculate n(a).
-1
Let a(c) be the second derivative of c**5/20 + 5*c**4/12 - c**3 - 3*c**2 + 5*c. Let m(x) = -x**2 - 6*x - 6. Let g be m(-6). Calculate a(g).
-6
Let c(j) = -2*j - 1. Let m be c(-3). Suppose v = -m*v + 42. Let d(b) = 10*b - 5 - b**2 - v + 4. Give d(8).
8
Suppose -2*l - 3*h = 1 + 52, -l - 2*h - 29 = 0. Let t(g) = g + 22. Calculate t(l).
3
Let p(v) = v - 3. Let z be (-2)/6 - 3/(-9). Suppose 3*x - 2*d + 5 = 0, -5*x + 3*d = -z + 9. Let a(k) = k + 7. Let m be a(x). Calculate p(m).
1
Let l(p) = -1. Let x(z) = -6 + z - 1 + 6 + 7. Let t(h) = l(h) + x(h). Calculate t(-6).
-1
Let c(r) = 3*r - 5. Let u(f) = -1. Suppose -2*b + 4 + 4 = 0. Let x(v) = b*u(v) - c(v). Let i be x(-1). Let g(d) = -d**2 + 3*d + 3. Determine g(i).
-1
Let u(g) be the first derivative of -g**3/3 - 2*g**2 + 4*g + 3. Let h(o) = o - 11. Let z be h(6). Determine u(z).
-1
Let o(p) = p - 11. Let u(i) = -i + 1. Let k(m) = o(m) + 2*u(m). Give k(-7).
-2
Let p(f) = f - 16. Let n(k) = k - 14. Let h(s) = 4*n(s) - 3*p(s). What is h(9)?
1
Let v(o) be the first derivative of o**2 + o - 6. Suppose -g + 1 - 3 = 0. Let n = g - 0. Give v(n).
-3
Suppose 2*v + 5*m = -v + 58, -3*m = 4*v - 92. Let q = v + -20. Let z(b) = -q + 2*b + 2 + 2 - b**3 - 5*b**2 + 9. Give z(-5).
-3
Let l = 66 + -60. Let i(b) = -2*b**3 - 7*b**2 + 5*b - 1. Let o(d) = 5*d**3 + 14*d**2 - 10*d + 3. Let v(c) = -7*i(c) - 3*o(c). Determine v(l).
4
Let u(z) = z**2 + 2*z + 6. Let h = -195 - -189. Give u(h).
30
Let a(h) = h - 2. Suppose -g - 5 - 1 = 0. Let b(x) = -x**2 - 5*x - 4. Let n be b(g). Let l be -3*(n/3 - -4). Calculate a(l).
-4
Let u(k) be the second derivative of -k**4/12 + k**3/3 - 31*k**2/2 - k + 63. Calculate u(0).
-31
Let l(b) = 4*b + 1. Suppose 0 = 3*f - 9 + 3. Suppose -s + 0*s = -f, 5*h - 14 = 3*s. Suppose x + x = 2*q + 2, -x = -h*q - 10. Determine l(q).
-11
Suppose -3*a + 3*z = -2*z - 27, -5*z = 5*a - 5. Suppose 4 = a*f - 0. Let n(q) = -9*q**2 - 52 + 2*q + 51 - q. What is n(f)?
-9
Let a(h) = -3*h. Suppose 97*g = 103*g - 24. Give a(g).
-12
Let c(d) be the second derivative of 3/2*d**2 + 5*d - 1/12*d**4 + 1/20*d**5 - 1/3*d**3 + 0. Determine c(2).
3
Let x(z) = -5*z**3 + 18*z**2 + 3*z + 45. Let w(u) = -3*u**3 + 1. Let q(o) = -2*w(o) + x(o). Calculate q(-18).
-11
Let o(u) = 4*u**3 + 14*u**2 - 4*u - 9. Let q(v) = -3*v**3 - 13*v**2 + 3*v + 9. Let n(t) = -2*o(t) - 3*q(t). Let w = -498 + 487. What is n(w)?
2
Let w(y) be the third derivative of 0 + 0*y + 1/120*y**6 + 1/8*y**4 + 1/3*y**3 + 6*y**2 - 1/12*y**5. Calculate w(4).
-2
Let m(p) = -3*p**3 + p**2 - 3*p - 6. Let n(f) = -4*f**3 + 2*f**2 - 2*f - 7. Let u(a) = -5*m(a) + 4*n(a). What is u(5)?
-13
Let q be -4 - (-6 - (-15 + 5)). Let m(b) = b + 6. What is m(q)?
-2
Let g be 340/(-100) - (-2)/5. Let u(h) = 6*h**3 + 3*h**2 + h - 1. Let q(k) = -k**3. Let o(v) = 5*q(v) + u(v). What is o(g)?
-4
Let w(t) = -t**3 + 15*t**2 - 15*t + 20. Let h be w(14). Suppose -2*d + 7 = z - h, 0 = -2*d + z + 11. Let f(s) = s**3 - 7*s**2 + 7*s - 7. Calculate f(d).
-1
Let i = 34 - 32. Let m(q) = -2 - q**2 - q**2 + 1 - 1 + q. What is m(i)?
-8
Let b(t) = -2*t**2 + 13*t - 9. Let r(z) be the first derivative of z**3/3 - 3*z**2 + 4*z + 3. Let p(m) = 2*b(m) + 5*r(m). What is p(6)?
14
Let y(t) = -10*t**2 + 5*t - 2. Let m(o) = 12*o**2 - 6*o + 2. Let r(i) = -4*m(i) - 5*y(i). What is r(-2)?
12
Let n(c) = -3*c + 46. Let j = -1 + 1. Let p(x) = j + x + 0 - 15. Let r(k) = -2*n(k) - 7*p(k). Give r(6).
7
Let n(q) = 2*q**3 - q**2 + q - 1. Suppose -6*c - 1 = -7*c. Let m be n(c). Let z be (0 + m)*(-3 + 4). Let u(g) = 9*g**3 - g**2 + 1. Calculate u(z).
9
Suppose -20 = 4*l - 